ert 1 (base 12) to base 2.
1
Convert -22022 (base 3) to base 10.
-224
What is -11110 (base 2) in base 3?
-1010
What is 27 (base 8) in base 15?
18
What is 0 (base 14) in base 16?
0
21 (base 7) to base 10
15
What is 10011 (base 2) in base 8?
23
What is 1 (base 11) in base 14?
1
What is 4 (base 6) in base 3?
11
-6 (base 15) to base 14
-6
10 (base 11) to base 9
12
What is 4 (base 10) in base 2?
100
4 (base 9) to base 6
4
What is -12 (base 15) in base 12?
-15
What is -31 (base 13) in base 10?
-40
What is -1 (base 8) in base 3?
-1
Convert -3 (base 4) to base 12.
-3
What is 4 (base 10) in base 9?
4
1 (base 7) to base 14
1
What is 3 (base 4) in base 15?
3
What is -10100 (base 2) in base 7?
-26
89 (base 13) to base 2
1110001
-11 (base 9) to base 2
-1010
15 (base 6) to base 9
12
Convert -3 (base 7) to base 13.
-3
1 (base 3) to base 4
1
-1 (base 4) to base 7
-1
Convert 2 (base 12) to base 13.
2
What is 81 (base 9) in base 16?
49
What is -146 (base 9) in base 4?
-1323
Convert -119 (base 11) to base 6.
-353
82 (base 15) to base 9
145
What is -22 (base 9) in base 3?
-202
13b (base 13) to base 3
22010
Convert -1 (base 2) to base 3.
-1
-10 (base 2) to base 9
-2
Convert -3 (base 8) to base 16.
-3
4 (base 15) to base 9
4
Convert 10 (base 7) to base 10.
7
What is -96 (base 14) in base 12?
-b0
What is -12 (base 12) in base 15?
-e
-1 (base 11) to base 9
-1
Convert -124 (base 11) to base 9.
-173
What is -21 (base 6) in base 11?
-12
What is -13 (base 8) in base 10?
-11
What is -231 (base 4) in base 14?
-33
Convert 2 (base 6) to base 16.
2
Convert -5 (base 10) to base 4.
-11
Convert 2200 (base 4) to base 2.
10100000
What is 19 (base 13) in base 3?
211
Convert 5 (base 14) to base 13.
5
1 (base 4) to base 7
1
Convert -1000 (base 2) to base 10.
-8
What is 138 (base 11) in base 12?
116
What is 2a (base 14) in base 10?
38
-375 (base 10) to base 5
-3000
What is -2 (base 4) in base 2?
-10
What is -1 (base 13) in base 15?
-1
What is 30 (base 6) in base 4?
102
Convert 3 (base 8) to base 3.
10
-212 (base 5) to base 12
-49
Convert -1 (base 15) to base 11.
-1
What is 10 (base 4) in base 11?
4
Convert 6 (base 13) to base 9.
6
33 (base 16) to base 7
102
What is 413 (base 5) in base 14?
7a
-10 (base 7) to base 16
-7
Convert -9 (base 13) to base 7.
-12
Convert 1100 (base 2) to base 14.
c
Convert -252 (base 13) to base 11.
-339
What is 5b (base 12) in base 3?
2122
Convert -26 (base 7) to base 13.
-17
What is 10 (base 2) in base 10?
2
What is -1d (base 15) in base 6?
-44
Convert a (base 15) to base 16.
a
What is 4 (base 9) in base 16?
4
3 (base 13) to base 14
3
Convert 1 (base 12) to base 4.
1
-b (base 14) to base 10
-11
Convert 332 (base 4) to base 10.
62
Convert 1110 (base 2) to base 6.
22
What is 1120 (base 4) in base 8?
130
What is 4a (base 13) in base 2?
111110
What is -1 (base 11) in base 2?
-1
What is 9 (base 10) in base 9?
10
Convert 10 (base 2) to base 4.
2
3 (base 8) to base 11
3
10 (base 5) to base 3
12
Convert -102 (base 4) to base 5.
-33
Convert c9 (base 16) to base 11.
173
Convert -103 (base 4) to base 3.
-201
Convert -4 (base 8) to base 9.
-4
Convert -9 (base 13) to base 12.
-9
-7 (base 16) to base 8
-7
138 (base 12) to base 2
10111100
What is -16 (base 16) in base 9?
-24
Convert -a0 (base 14) to base 8.
-214
What is -13 (base 8) in base 12?
-b
What is 6 (base 13) in base 4?
12
-4 (base 14) to base 13
-4
Convert -99 (base 11) to base 14.
-7a
5a (base 16) to base 12
76
What is -55 (base 9) in base 11?
-46
Convert -14 (base 9) to base 10.
-13
Convert -11111 (base 2) to base 13.
-25
-24 (base 11) to base 14
-1c
-40 (base 10) to base 9
-44
12 (base 16) to base 7
24
What is -11 (base 2) in base 7?
-3
Convert -a (base 14) to base 2.
-1010
What is -3 (base 15) in base 5?
-3
Convert -2 (base 12) to base 3.
-2
Convert -11 (base 2) to base 6.
-3
Convert -cc (base 16) to base 3.
-21120
-2 (base 6) to base 16
-2
Convert -62 (base 7) to base 11.
-40
What is -1100111 (base 2) in base 10?
-103
Convert -34 (base 9) to base 13.
-25
Convert 12 (base 9) to base 15.
b
What is 11 (base 11) in base 8?
14
1 (base 13) to base 6
1
What is -3 (base 5) in base 2?
-11
-4 (base 16) to base 7
-4
Convert 7 (base 15) to base 10.
7
132 (base 9) to base 2
1101110
Convert -2 (base 3) to base 9.
-2
-16 (base 8) to base 12
-12
87 (base 13) to base 5
421
Convert 51 (base 13) to base 10.
66
Convert -31 (base 11) to base 14.
-26
Convert 40 (base 10) to base 9.
44
What is -1101 (base 3) in base 13?
-2b
Convert -3 (base 11) to base 9.
-3
-21 (base 15) to base 8
-37
25 (base 6) to base 7
23
What is 160 (base 11) in base 4?
2323
What is -210 (base 4) in base 15?
-26
Convert 124 (base 10) to base 5.
444
What is -b (base 12) in base 3?
-102
Convert -16 (base 9) to base 2.
-1111
-4 (base 10) to base 13
-4
Convert 11 (base 2) to base 4.
3
Convert 12 (base 3) to base 16.
5
What is 4 (base 16) in base 11?
4
-10 (base 2) to base 16
-2
What is 6 (base 13) in base 5?
11
Convert -112 (base 3) to base 8.
-16
Convert 3b (base 15) to base 16.
38
What is 115 (base 6) in base 12?
3b
Convert -2 (base 9) to base 7.
-2
Convert 1 (base 12) to base 16.
1
1 (base 14) to base 8
1
-301 (base 5) to base 10
-76
Convert 5 (base 16) to base 10.
5
-7 (base 11) to base 2
-111
-250 (base 6) to base 4
-1212
-a0 (base 12) to base 3
-11110
Convert b (base 15) to base 11.
10
-3 (base 14) to base 7
-3
213 (base 10) to base 9
256
Convert 4 (base 5) to base 4.
10
What is 4 (base 11) in base 9?
4
122 (base 4) to base 12
22
30 (base 11) to base 9
36
-125 (base 7) to base 2
-1000100
What is 1 (base 5) in base 9?
1
1 (base 3) to base 5
1
What is -1e (base 15) in base 3?
-1002
Convert 38 (base 11) to base 13.
32
Convert 6 (base 7) to base 16.
6
2d (base 15) to base 14
31
What is -11101 (base 2) in base 13?
-23
Convert -5 (base 6) to base 11.
-5
What is -5 (base 9) in base 8?
-5
Convert -93 (base 16) to base 12.
-103
Convert 95 (base 16) to base 4.
2111
Convert -11 (base 2) to base 6.
-3
Convert c (base 14) to base 10.
12
What is -a0 (base 15) in base 13?
-b7
-16 (base 10) to base 12
-14
What is -4 (base 8) in base 11?
-4
332 (base 9) to base 13
17c
Convert -31 (base 15) to base 7.
-64
What is -12 (base 6) in base 15?
-8
52 (base 15) to base 16
4d
What is 48 (base 10) in base 2?
110000
-139 (base 12) to base 7
-360
Convert -113 (base 10) to base 7.
-221
33 (base 14) to base 8
55
-5 (base 16) to base 15
-5
58 (base 14) to base 6
210
Convert -2 (base 8) to base 14.
-2
What is -11211 (base 3) in base 13?
-a0
Convert -133 (base 7) to base 6.
-201
Convert 6 (base 13) to base 7.
6
-4 (base 9) to base 14
-4
Convert 11 (base 6) to base 7.
10
Convert -211 (base 4) to base 5.
-122
What is 2 (base 15) in base 7?
2
Convert -14 (base 6) to base 3.
-101
-1 (base 10) to base 5
-1
What is 11 (base 4) in base 14?
5
-8 (base 13) to base 2
-1000
What is 3 (base 6) in base 4?
3
What is -3 (base 13) in base 9?
-3
What is 66 (base 8) in base 9?
60
1010101 (base 2) to base 11
78
Convert 12 (base 5) to base 9.
7
Convert -107 (base 12) to base 4.
-2113
What is -d (base 16) in base 2?
-1101
10220 (base 3) to base 4
1221
-68 (base 15) to base 4
-1202
Convert -16 (base 12) to base 14.
-14
What is 0 (base 13) in base 3?
0
Convert 14 (base 10) to base 7.
20
What is 102 (base 6) in base 16?
26
What is -54 (base 12) in base 11?
-59
What is -14 (base 7) in base 2?
-1011
What is 84 (base 9) in base 6?
204
What is 0 (base 3) in base 5?
0
Convert -16 (base 11) to base 8.
-21
What is -114 (base 5) in base 11?
-31
Convert 2 (base 8) to base 11.
2
Convert 3 (base 10) to base 4.
3
Convert -320 (base 5) to base 11.
-78
What is -23 (base 11) in base 13?
-1c
Convert 2 (base 16) to base 14.
2
Convert -a1 (base 14) to base 7.
-261
Convert a (base 12) to base 7.
13
3 (base 5) to base 16
3
108 (base 16) to base 5
2024
What is 14 (base 11) in base 10?
15
What is 1 (base 3) in base 15?
1
352 (base 6) to base 11
118
What is -11 (base 2) in base 8?
-3
Convert -21 (base 4) to base 7.
-12
Convert -11 (base 5) to base 6.
-10
What is -63 (base 10) in base 2?
-111111
What is 158 (base 9) in base 7?
251
-10 (base 3) to base 2
-11
431 (base 6) to base 8
243
5 (base 13) to base 8
5
What is 231 (base 5) in base 12?
56
What is 0 (base 15) in base 7?
0
What is -10 (base 5) in base 11?
-5
What is -1 (base 9) in 